?
2, 3, 7, 23
What are the prime factors of 390?
2, 3, 5, 13
What are the prime factors of 114?
2, 3, 19
What are the prime factors of 63?
3, 7
What are the prime factors of 189610?
2, 5, 67, 283
What are the prime factors of 187?
11, 17
List the prime factors of 2948.
2, 11, 67
List the prime factors of 1192.
2, 149
List the prime factors of 1734.
2, 3, 17
List the prime factors of 476.
2, 7, 17
List the prime factors of 571.
571
What are the prime factors of 190?
2, 5, 19
List the prime factors of 9507.
3, 3169
List the prime factors of 1348.
2, 337
List the prime factors of 68936.
2, 7, 1231
List the prime factors of 5989.
53, 113
What are the prime factors of 1485?
3, 5, 11
List the prime factors of 28176.
2, 3, 587
List the prime factors of 89.
89
What are the prime factors of 19451?
53, 367
What are the prime factors of 13160?
2, 5, 7, 47
List the prime factors of 6452.
2, 1613
What are the prime factors of 13458?
2, 3, 2243
List the prime factors of 1731.
3, 577
What are the prime factors of 2251?
2251
What are the prime factors of 3802?
2, 1901
What are the prime factors of 52853?
17, 3109
List the prime factors of 3908.
2, 977
What are the prime factors of 174078?
2, 3, 19, 509
What are the prime factors of 31481?
31481
What are the prime factors of 3639?
3, 1213
What are the prime factors of 6367?
6367
What are the prime factors of 920?
2, 5, 23
What are the prime factors of 5542?
2, 17, 163
List the prime factors of 915.
3, 5, 61
List the prime factors of 15392.
2, 13, 37
List the prime factors of 404.
2, 101
List the prime factors of 2576.
2, 7, 23
What are the prime factors of 1616?
2, 101
What are the prime factors of 119091?
3, 7, 53, 107
What are the prime factors of 57?
3, 19
What are the prime factors of 21061?
21061
What are the prime factors of 108833?
43, 2531
What are the prime factors of 1955?
5, 17, 23
What are the prime factors of 36557?
139, 263
List the prime factors of 531.
3, 59
What are the prime factors of 3061?
3061
List the prime factors of 1978.
2, 23, 43
What are the prime factors of 1050?
2, 3, 5, 7
What are the prime factors of 39904?
2, 29, 43
List the prime factors of 149085.
3, 5, 3313
List the prime factors of 32894.
2, 16447
What are the prime factors of 26616?
2, 3, 1109
What are the prime factors of 13946?
2, 19, 367
What are the prime factors of 1754?
2, 877
List the prime factors of 98025.
3, 5, 1307
List the prime factors of 45961.
19, 41, 59
What are the prime factors of 2023?
7, 17
What are the prime factors of 10973?
10973
What are the prime factors of 123862?
2, 17, 3643
List the prime factors of 367.
367
List the prime factors of 5921.
31, 191
What are the prime factors of 10877?
73, 149
What are the prime factors of 12729?
3, 4243
List the prime factors of 24577.
7, 3511
What are the prime factors of 4892?
2, 1223
What are the prime factors of 150773?
7, 17, 181
List the prime factors of 101252.
2, 17, 1489
What are the prime factors of 879?
3, 293
What are the prime factors of 117378?
2, 3, 6521
List the prime factors of 92247.
3, 97, 317
List the prime factors of 3135.
3, 5, 11, 19
List the prime factors of 374.
2, 11, 17
List the prime factors of 5720.
2, 5, 11, 13
List the prime factors of 87069.
3, 29023
What are the prime factors of 132?
2, 3, 11
What are the prime factors of 2773?
47, 59
What are the prime factors of 36528?
2, 3, 761
What are the prime factors of 347?
347
What are the prime factors of 49725?
3, 5, 13, 17
List the prime factors of 1659.
3, 7, 79
List the prime factors of 361.
19
List the prime factors of 186.
2, 3, 31
List the prime factors of 7481.
7481
What are the prime factors of 24?
2, 3
What are the prime factors of 120315?
3, 5, 13, 617
List the prime factors of 1135.
5, 227
What are the prime factors of 2249?
13, 173
What are the prime factors of 58?
2, 29
List the prime factors of 3417.
3, 17, 67
List the prime factors of 8470.
2, 5, 7, 11
List the prime factors of 1403.
23, 61
What are the prime factors of 10338?
2, 3, 1723
List the prime factors of 147766.
2, 73883
List the prime factors of 2409.
3, 11, 73
List the prime factors of 60487.
7, 8641
List the prime factors of 4991.
7, 23, 31
What are the prime factors of 5521?
5521
What are the prime factors of 15503?
37, 419
What are the prime factors of 5239?
13, 31
List the prime factors of 1003.
17, 59
List the prime factors of 586.
2, 293
List the prime factors of 6513.
3, 13, 167
What are the prime factors of 728?
2, 7, 13
List the prime factors of 248.
2, 31
What are the prime factors of 1903?
11, 173
What are the prime factors of 4567?
4567
What are the prime factors of 16844?
2, 4211
What are the prime factors of 2533?
17, 149
List the prime factors of 17068.
2, 17, 251
List the prime factors of 14734.
2, 53, 139
List the prime factors of 14257.
53, 269
What are the prime factors of 1435?
5, 7, 41
List the prime factors of 3921.
3, 1307
List the prime factors of 9645.
3, 5, 643
List the prime factors of 6505.
5, 1301
What are the prime factors of 36341?
36341
What are the prime factors of 60380?
2, 5, 3019
What are the prime factors of 21426?
2, 3, 3571
What are the prime factors of 1959?
3, 653
What are the prime factors of 4912?
2, 307
What are the prime factors of 736?
2, 23
What are the prime factors of 2377?
2377
List the prime factors of 164969.
7, 23567
List the prime factors of 6152.
2, 769
What are the prime factors of 46733?
17, 2749
What are the prime factors of 3243?
3, 23, 47
List the prime factors of 153.
3, 17
What are the prime factors of 91900?
2, 5, 919
What are the prime factors of 11938?
2, 47, 127
What are the prime factors of 156576?
2, 3, 7, 233
What are the prime factors of 25993?
11, 17, 139
What are the prime factors of 26105?
5, 23, 227
List the prime factors of 1504.
2, 47
List the prime factors of 51725.
5, 2069
List the prime factors of 2101.
11, 191
What are the prime factors of 2791?
2791
What are the prime factors of 29686?
2, 14843
What are the prime factors of 60721?
41, 1481
What are the prime factors of 38564?
2, 31, 311
What are the prime factors of 1141?
7, 163
What are the prime factors of 24210?
2, 3, 5, 269
What are the prime factors of 10981?
79, 139
List the prime factors of 58133.
61, 953
What are the prime factors of 93351?
3, 29, 37
What are the prime factors of 18382?
2, 7, 13, 101
What are the prime factors of 567?
3, 7
What are the prime factors of 156279?
3, 113, 461
What are the prime factors of 330?
2, 3, 5, 11
List the prime factors of 7696.
2, 13, 37
What are the prime factors of 1891?
31, 61
List the prime factors of 19599.
3, 47, 139
List the prime factors of 25589.
25589
What are the prime factors of 369?
3, 41
What are the prime factors of 1387?
19, 73
What are the prime factors of 20159?
19, 1061
What are the prime factors of 109414?
2, 227, 241
List the prime factors of 2979.
3, 331
List the prime factors of 5842.
2, 23, 127
List the prime factors of 17132.
2, 4283
List the prime factors of 13683.
3, 4561
What are the prime factors of 45261?
3, 47, 107
List the prime factors of 187923.
3, 37, 1693
List the prime factors of 27031.
27031
What are the prime factors of 900?
2, 3, 5
What are the prime factors of 1925?
5, 7, 11
List the prime factors of 8707.
8707
What are the prime factors of 1598?
2, 17, 47
List the prime factors of 1551.
3, 11, 47
List the prime factors of 2864.
2, 179
List the prime factors of 2215.
5, 443
List the prime factors of 1854.
2, 3, 103
List the prime factors of 22265.
5, 61, 73
List the prime factors of 975.
3, 5, 13
What are the prime factors of 55130?
2, 5, 37, 149
What are the prime factors of 2428?
2, 607
List the prime factors of 4328.
2, 541
What are the prime factors of 53502?
2, 3, 37, 241
What are the prime factors of 3230?
2, 5, 17, 19
What are the prime factors of 261?
3, 29
List the prime factors of 204780.
2, 3, 5, 3413
List the prime factors of 34906.
2, 31, 563
What are the prime factors of 3534?
2, 3, 19, 31
List the prime factors of 8921.
11, 811
List the prime factors of 5154.
2, 3, 859
What are the prime factors of 11938?
2, 47, 127
List the prime factors of 1527.
3, 509
What are the prime factors of 20522?
2, 31, 331
What are the prime factors of 508?
2, 127
What are the prime factors of 6360